{"id":1274,"date":"2025-01-16T14:58:54","date_gmt":"2025-01-16T13:58:54","guid":{"rendered":"https:\/\/www.rocml.org\/References-ML\/?page_id=1274"},"modified":"2025-02-17T12:45:16","modified_gmt":"2025-02-17T11:45:16","slug":"ic-documents-de","status":"publish","type":"page","link":"https:\/\/www.rocml.org\/References-ML\/accueil\/rubriques-de\/ic-documents-de\/","title":{"rendered":"Kommunistische Internationale &#8211; Dokumente"},"content":{"rendered":"\n<div class=WordSection1>\n<p class=MsoNormal><i>&nbsp;<\/i><\/p>\n<div align=center>\n<table class=MsoTableGrid border=0 cellspacing=0 cellpadding=0 width=\"100%\" style='width:100.0%;background:#F2F2F2;border-collapse:collapse;border:none'>\n<tr>\n<td width=\"100%\" style='width:100.0%;padding:0cm 36.85pt 0cm 36.85pt'>\n<p class=MsoNormal><i>&nbsp;<\/i><\/p>\n<div align=center>\n<table class=MsoTableGrid border=0 cellspacing=0 cellpadding=0 width=1087 style='width:23.0cm;border-collapse:collapse;border:none'>\n<tr>\n<td width=1181 valign=top style='width:25.0cm;padding:0cm 5.4pt 0cm 5.4pt'>\n<p class=MsoNormal align=center style='text-align:center;line-height:22.0pt'><span lang=DE style='font-size:20.0pt;font-family:\"Arial Black\",\"sans-serif\"; color:#F79646'>Kommunistische Internationale &#8211; Dokumente<\/span><\/p>\n<\/td>\n<\/tr>\n<\/table><\/div>\n<p class=MsoNormal><i><span lang=DE>&nbsp;<\/span><\/i><\/p>\n<div align=center>\n<table class=MsoTableGrid border=1 cellspacing=0 cellpadding=0 style='background:#EEECE1;border-collapse:collapse;border:none'>\n<tr>\n<td width=945 style='width:20.0cm;border-top:solid windowtext 1.0pt; border-left:solid windowtext 1.0pt;border-bottom:none;border-right:none; padding:0cm 14.2pt 0cm 14.2pt'>\n<p class=MsoNormal><span lang=DE>&nbsp;<\/span><\/p>\n<\/td>\n<td width=59 style='width:35.45pt;border:none;border-top:solid windowtext 1.0pt; padding:0cm 0cm 0cm 0cm'>\n<p class=MsoNormal align=center style='text-align:center'><span lang=DE>&nbsp;<\/span><\/p>\n<\/td>\n<td width=59 style='width:35.45pt;border:none;border-top:solid windowtext 1.0pt; padding:0cm 0cm 0cm 0cm'>\n<p class=MsoNormal align=center style='text-align:center'><i><span lang=DE>&nbsp;<\/span><\/i><\/p>\n<\/td>\n<td width=24 style='width:14.2pt;border-top:solid windowtext 1.0pt; border-left:none;border-bottom:none;border-right:solid windowtext 1.0pt; padding:0cm 0cm 0cm 0cm'>\n<p class=MsoNormal align=center style='text-align:center'><span lang=DE>&nbsp;<\/span><\/p>\n<\/td>\n<\/tr>\n<tr>\n<td width=945 style='width:20.0cm;border-top:none;border-left:solid windowtext 1.0pt; border-bottom:none;border-right:solid windowtext 1.0pt;padding:0cm 14.2pt 0cm 14.2pt'>\n<p class=MsoNormal style='margin-top:2.0pt;margin-right:0cm;margin-bottom: 2.0pt;margin-left:0cm'><span lang=DE style='font-size:20.0pt;background: white'>DE<\/span><\/p>\n<\/td>\n<td width=59 style='width:35.45pt;border:none;border-right:solid windowtext 1.0pt; padding:0cm 0cm 0cm 0cm'>\n<p class=MsoNormal align=center style='text-align:center'><span lang=DE>&nbsp;<\/span><\/p>\n<\/td>\n<td width=59 style='width:35.45pt;border:none;border-right:solid windowtext 1.0pt; padding:0cm 0cm 0cm 0cm'>\n<p class=MsoNormal align=center style='text-align:center'><span lang=DE style='font-size:20.0pt;background:white'>FR<\/span><\/p>\n<\/td>\n<td width=24 style='width:14.2pt;border:none;border-right:solid windowtext 1.0pt; padding:0cm 0cm 0cm 0cm'>\n<p class=MsoNormal align=center style='text-align:center'><span lang=DE>&nbsp;<\/span><\/p>\n<\/td>\n<\/tr>\n<tr>\n<td width=945 style='width:20.0cm;border-top:none;border-left:solid windowtext 1.0pt; border-bottom:none;border-right:solid windowtext 1.0pt;padding:0cm 14.2pt 0cm 14.2pt'>\n<p class=MsoNormal><span lang=DE>&nbsp;<\/span><\/p>\n<\/td>\n<td width=59 style='width:35.45pt;border:none;border-right:solid windowtext 1.0pt; padding:0cm 0cm 0cm 0cm'>\n<p class=MsoNormal align=center style='text-align:center'><span lang=DE>&nbsp;<\/span><\/p>\n<\/td>\n<td width=59 style='width:35.45pt;border:none;border-right:solid windowtext 1.0pt; padding:0cm 0cm 0cm 0cm'>\n<p class=MsoNormal align=center style='text-align:center'><a href=\"https:\/\/www.rocml.org\/References-ML\/accueil\/rubriques-fr\/ic-documents-fr\/\"><span lang=DE style='font-size:16.0pt;color:blue'>&#9658;<\/span><\/a><\/p>\n<\/td>\n<td width=24 style='width:14.2pt;border:none;border-right:solid windowtext 1.0pt; padding:0cm 0cm 0cm 0cm'>\n<p class=MsoNormal align=center style='text-align:center'><span lang=DE>&nbsp;<\/span><\/p>\n<\/td>\n<\/tr>\n<tr>\n<td width=945 style='width:20.0cm;border-top:none;border-left:solid windowtext 1.0pt; border-bottom:none;border-right:solid windowtext 1.0pt;padding:0cm 14.2pt 0cm 14.2pt'>\n<p class=MsoNormal align=center style='margin-top:1.0pt;margin-right:0cm; margin-bottom:1.0pt;margin-left:0cm;text-align:center;background:white'><span lang=DE style='font-size:14.0pt;color:#E36C0A'>2. Kongress der Kommunistischen Internationale (23. Juli &#8211; 7. August 1920)<\/span><\/p>\n<\/td>\n<td width=59 style='width:35.45pt;border:none;border-right:solid windowtext 1.0pt; padding:0cm 0cm 0cm 0cm'>\n<p class=MsoNormal align=center style='text-align:center'><span lang=DE>&nbsp;<\/span><\/p>\n<\/td>\n<td width=59 style='width:35.45pt;border:none;border-right:solid windowtext 1.0pt; padding:0cm 0cm 0cm 0cm'>\n<p class=MsoNormal align=center style='text-align:center'><i><span lang=DE>&nbsp;<\/span><\/i><\/p>\n<\/td>\n<td width=24 style='width:14.2pt;border:none;border-right:solid windowtext 1.0pt; padding:0cm 0cm 0cm 0cm'>\n<p class=MsoNormal align=center style='text-align:center'><span lang=DE>&nbsp;<\/span><\/p>\n<\/td>\n<\/tr>\n<tr>\n<td width=945 style='width:20.0cm;border-top:none;border-left:solid windowtext 1.0pt; border-bottom:none;border-right:solid windowtext 1.0pt;padding:0cm 14.2pt 0cm 14.2pt'>\n<p class=MsoNormal><span lang=DE>&nbsp;<\/span><\/p>\n<\/td>\n<td width=59 style='width:35.45pt;border:none;border-right:solid windowtext 1.0pt; padding:0cm 0cm 0cm 0cm'>\n<p class=MsoNormal align=center style='text-align:center'>&nbsp;<\/p>\n<\/td>\n<td width=59 style='width:35.45pt;border:none;border-right:solid windowtext 1.0pt; padding:0cm 0cm 0cm 0cm'>\n<p class=MsoNormal align=center style='text-align:center'>&nbsp;<\/p>\n<\/td>\n<td width=24 style='width:14.2pt;border:none;border-right:solid windowtext 1.0pt; padding:0cm 0cm 0cm 0cm'>\n<p class=MsoNormal align=center style='text-align:center'><span lang=DE>&nbsp;<\/span><\/p>\n<\/td>\n<\/tr>\n<tr>\n<td width=945 style='width:20.0cm;border-top:none;border-left:solid windowtext 1.0pt; border-bottom:none;border-right:solid windowtext 1.0pt;background:#DDD9C3; padding:0cm 14.2pt 0cm 14.2pt'>\n<p class=MsoNormal style='margin-top:1.0pt;margin-right:0cm;margin-bottom: 1.0pt;margin-left:0cm'><span lang=DE style='font-size:14.0pt'>Leits\u00e4tze \u00fcber die Gewerkschaftsbewegung, die Betriebsr\u00e4te und die Kommunistische Internationale<\/span><\/p>\n<\/td>\n<td width=59 style='width:35.45pt;border:none;border-right:solid windowtext 1.0pt; background:#DDD9C3;padding:0cm 0cm 0cm 0cm'>\n<p class=MsoNormal align=center style='text-align:center'><a href=\"https:\/\/www.rocml.org\/References-ML\/ki-1920-07-leitsatze-gewerkschaftsbewegung-betriebsrate-ki\/\"><span lang=DE style='font-size:16.0pt;color:blue'>&#9658;<\/span><\/a><\/p>\n<\/td>\n<td width=59 style='width:35.45pt;border:none;border-right:solid windowtext 1.0pt; background:#DDD9C3;padding:0cm 0cm 0cm 0cm'>\n<p class=MsoNormal align=center style='text-align:center'><a href=\"https:\/\/www.rocml.org\/References-ML\/ic-1920-07-08-mouvement-syndical-comites-fabrique\"><span style='font-size:16.0pt;color:blue'>&#9658;<\/span><\/a><\/p>\n<\/td>\n<td width=24 style='width:14.2pt;border:none;border-right:solid windowtext 1.0pt; background:#DDD9C3;padding:0cm 0cm 0cm 0cm'>\n<p class=MsoNormal align=center style='text-align:center'><span lang=DE>&nbsp;<\/span><\/p>\n<\/td>\n<\/tr>\n<tr>\n<td width=945 style='width:20.0cm;border-top:none;border-left:solid windowtext 1.0pt; border-bottom:none;border-right:solid windowtext 1.0pt;padding:0cm 14.2pt 0cm 14.2pt'>\n<p class=MsoNormal><span lang=DE>&nbsp;<\/span><\/p>\n<\/td>\n<td width=59 style='width:35.45pt;border:none;border-right:solid windowtext 1.0pt; padding:0cm 0cm 0cm 0cm'>\n<p class=MsoNormal align=center style='text-align:center'><span lang=DE>&nbsp;<\/span><\/p>\n<\/td>\n<td width=59 style='width:35.45pt;border:none;border-right:solid windowtext 1.0pt; padding:0cm 0cm 0cm 0cm'>\n<p class=MsoNormal align=center style='text-align:center'><i><span lang=DE>&nbsp;<\/span><\/i><\/p>\n<\/td>\n<td width=24 style='width:14.2pt;border:none;border-right:solid windowtext 1.0pt; padding:0cm 0cm 0cm 0cm'>\n<p class=MsoNormal align=center style='text-align:center'><span lang=DE>&nbsp;<\/span><\/p>\n<\/td>\n<\/tr>\n<tr>\n<td width=945 style='width:20.0cm;border-top:none;border-left:solid windowtext 1.0pt; border-bottom:none;border-right:solid windowtext 1.0pt;padding:0cm 14.2pt 0cm 14.2pt'>\n<p class=MsoNormal align=center style='margin-top:1.0pt;margin-right:0cm; margin-bottom:1.0pt;margin-left:0cm;text-align:center;background:white'><span lang=DE style='font-size:14.0pt;color:#E36C0A'>4. Kongress der KI (5. November &#8211; 5. Dezember 1922)<\/span><\/p>\n<\/td>\n<td width=59 style='width:35.45pt;border:none;border-right:solid windowtext 1.0pt; padding:0cm 0cm 0cm 0cm'>\n<p class=MsoNormal align=center style='text-align:center'><span lang=DE>&nbsp;<\/span><\/p>\n<\/td>\n<td width=59 style='width:35.45pt;border:none;border-right:solid windowtext 1.0pt; padding:0cm 0cm 0cm 0cm'>\n<p class=MsoNormal align=center style='text-align:center'><i><span lang=DE>&nbsp;<\/span><\/i><\/p>\n<\/td>\n<td width=24 style='width:14.2pt;border:none;border-right:solid windowtext 1.0pt; padding:0cm 0cm 0cm 0cm'>\n<p class=MsoNormal align=center style='text-align:center'><span lang=DE>&nbsp;<\/span><\/p>\n<\/td>\n<\/tr>\n<tr>\n<td width=945 style='width:20.0cm;border-top:none;border-left:solid windowtext 1.0pt; border-bottom:none;border-right:solid windowtext 1.0pt;padding:0cm 14.2pt 0cm 14.2pt'>\n<p class=MsoNormal><span lang=DE>&nbsp;<\/span><\/p>\n<\/td>\n<td width=59 style='width:35.45pt;border:none;border-right:solid windowtext 1.0pt; padding:0cm 0cm 0cm 0cm'>\n<p class=MsoNormal align=center style='text-align:center'>&nbsp;<\/p>\n<\/td>\n<td width=59 style='width:35.45pt;border:none;border-right:solid windowtext 1.0pt; padding:0cm 0cm 0cm 0cm'>\n<p class=MsoNormal align=center style='text-align:center'><i><span lang=DE>&nbsp;<\/span><\/i><\/p>\n<\/td>\n<td width=24 style='width:14.2pt;border:none;border-right:solid windowtext 1.0pt; padding:0cm 0cm 0cm 0cm'>\n<p class=MsoNormal align=center style='text-align:center'><span lang=DE>&nbsp;<\/span><\/p>\n<\/td>\n<\/tr>\n<tr>\n<td width=945 style='width:20.0cm;border-top:none;border-left:solid windowtext 1.0pt; border-bottom:none;border-right:solid windowtext 1.0pt;background:#DDD9C3; padding:0cm 14.2pt 0cm 14.2pt'>\n<p class=MsoNormal style='margin-top:1.0pt;margin-right:0cm;margin-bottom: 1.0pt;margin-left:0cm'><span lang=DE style='font-size:14.0pt'>Thesen : \u00dcber die Taktik der Komintern<\/span><\/p>\n<\/td>\n<td width=59 style='width:35.45pt;border:none;border-right:solid windowtext 1.0pt; background:#DDD9C3;padding:0cm 0cm 0cm 0cm'>\n<p class=MsoNormal align=center style='text-align:center'><a href=\"https:\/\/www.rocml.org\/References-ML\/ki-1922-11-12-thesen-taktik-ki\/\"><span lang=DE style='font-size:16.0pt;color:blue'>&#9658;<\/span><\/a><\/p>\n<\/td>\n<td width=59 style='width:35.45pt;border:none;border-right:solid windowtext 1.0pt; background:#DDD9C3;padding:0cm 0cm 0cm 0cm'>\n<p class=MsoNormal align=center style='text-align:center'><a href=\"https:\/\/www.rocml.org\/References-ML\/ic-1922-11-12-4e-resolution-tactique\/\"><span style='font-size:16.0pt;color:blue'>&#9658;<\/span><\/a><\/p>\n<\/td>\n<td width=24 style='width:14.2pt;border:none;border-right:solid windowtext 1.0pt; background:#DDD9C3;padding:0cm 0cm 0cm 0cm'>\n<p class=MsoNormal align=center style='text-align:center'><span lang=DE>&nbsp;<\/span><\/p>\n<\/td>\n<\/tr>\n<tr>\n<td width=945 style='width:20.0cm;border-top:none;border-left:solid windowtext 1.0pt; border-bottom:none;border-right:solid windowtext 1.0pt;padding:0cm 14.2pt 0cm 14.2pt'>\n<p class=MsoNormal><span lang=DE>&nbsp;<\/span><\/p>\n<\/td>\n<td width=59 style='width:35.45pt;border:none;border-right:solid windowtext 1.0pt; padding:0cm 0cm 0cm 0cm'>\n<p class=MsoNormal align=center style='text-align:center'><span lang=DE>&nbsp;<\/span><\/p>\n<\/td>\n<td width=59 style='width:35.45pt;border:none;border-right:solid windowtext 1.0pt; padding:0cm 0cm 0cm 0cm'>\n<p class=MsoNormal align=center style='text-align:center'><span lang=DE>&nbsp;<\/span><\/p>\n<\/td>\n<td width=24 style='width:14.2pt;border:none;border-right:solid windowtext 1.0pt; padding:0cm 0cm 0cm 0cm'>\n<p class=MsoNormal align=center style='text-align:center'><span lang=DE>&nbsp;<\/span><\/p>\n<\/td>\n<\/tr>\n<tr>\n<td width=945 style='width:20.0cm;border-top:none;border-left:solid windowtext 1.0pt; border-bottom:none;border-right:solid windowtext 1.0pt;padding:0cm 14.2pt 0cm 14.2pt'>\n<p class=MsoNormal align=center style='margin-top:1.0pt;margin-right:0cm; margin-bottom:1.0pt;margin-left:0cm;text-align:center;background:white'><span lang=DE style='font-size:14.0pt;color:#E36C0A'>Pr\u00e4sidium des Exekutivkomitees der Kommunistischen Internationale (8.-21. Januar 1924)<\/span><\/p>\n<\/td>\n<td width=59 style='width:35.45pt;border:none;border-right:solid windowtext 1.0pt; padding:0cm 0cm 0cm 0cm'>\n<p class=MsoNormal align=center style='text-align:center'><span lang=DE>&nbsp;<\/span><\/p>\n<\/td>\n<td width=59 style='width:35.45pt;border:none;border-right:solid windowtext 1.0pt; padding:0cm 0cm 0cm 0cm'>\n<p class=MsoNormal align=center style='text-align:center'><span lang=DE>&nbsp;<\/span><\/p>\n<\/td>\n<td width=24 style='width:14.2pt;border:none;border-right:solid windowtext 1.0pt; padding:0cm 0cm 0cm 0cm'>\n<p class=MsoNormal align=center style='text-align:center'><span lang=DE>&nbsp;<\/span><\/p>\n<\/td>\n<\/tr>\n<tr>\n<td width=945 style='width:20.0cm;border-top:none;border-left:solid windowtext 1.0pt; border-bottom:none;border-right:solid windowtext 1.0pt;padding:0cm 14.2pt 0cm 14.2pt'>\n<p class=MsoNormal><span lang=DE>&nbsp;<\/span><\/p>\n<\/td>\n<td width=59 style='width:35.45pt;border:none;border-right:solid windowtext 1.0pt; padding:0cm 0cm 0cm 0cm'>\n<p class=MsoNormal align=center style='text-align:center'><span lang=DE>&nbsp;<\/span><\/p>\n<\/td>\n<td width=59 style='width:35.45pt;border:none;border-right:solid windowtext 1.0pt; padding:0cm 0cm 0cm 0cm'>\n<p class=MsoNormal align=center style='text-align:center'><span lang=DE>&nbsp;<\/span><\/p>\n<\/td>\n<td width=24 style='width:14.2pt;border:none;border-right:solid windowtext 1.0pt; padding:0cm 0cm 0cm 0cm'>\n<p class=MsoNormal align=center style='text-align:center'><span lang=DE>&nbsp;<\/span><\/p>\n<\/td>\n<\/tr>\n<tr>\n<td width=945 style='width:20.0cm;border-top:none;border-left:solid windowtext 1.0pt; border-bottom:none;border-right:solid windowtext 1.0pt;padding:0cm 14.2pt 0cm 14.2pt'>\n<p class=MsoNormal style='margin-top:1.0pt;margin-right:0cm;margin-bottom: 1.0pt;margin-left:0cm'><span lang=DE style='font-size:14.0pt'>Die Lehren der deutschen Ereignisse<\/span><\/p>\n<\/td>\n<td width=59 style='width:35.45pt;border:none;border-right:solid windowtext 1.0pt; padding:0cm 0cm 0cm 0cm'>\n<p class=MsoNormal align=center style='text-align:center'><a href=\"https:\/\/www.rocml.org\/References-ML\/ki-1924-01-lehren-deutsche-ereignisse\/\"><span lang=DE style='font-size:16.0pt;color:blue'>&#9658;<\/span><\/a><\/p>\n<\/td>\n<td width=59 style='width:35.45pt;border:none;border-right:solid windowtext 1.0pt; padding:0cm 0cm 0cm 0cm'>\n<p class=MsoNormal align=center style='text-align:center'><a href=\"https:\/\/www.rocml.org\/References-ML\/ic-1924-01-ce-pr-lecons-allemagne\/\"><span lang=DE style='font-size:16.0pt;color:blue'>&#9658;<\/span><\/a><\/p>\n<\/td>\n<td width=24 style='width:14.2pt;border:none;border-right:solid windowtext 1.0pt; padding:0cm 0cm 0cm 0cm'>\n<p class=MsoNormal align=center style='text-align:center'><span lang=DE>&nbsp;<\/span><\/p>\n<\/td>\n<\/tr>\n<tr>\n<td width=945 style='width:20.0cm;border-top:none;border-left:solid windowtext 1.0pt; border-bottom:none;border-right:solid windowtext 1.0pt;padding:0cm 14.2pt 0cm 14.2pt'>\n<p class=MsoNormal><span lang=DE>&nbsp;<\/span><\/p>\n<\/td>\n<td width=59 style='width:35.45pt;border:none;border-right:solid windowtext 1.0pt; padding:0cm 0cm 0cm 0cm'>\n<p class=MsoNormal align=center style='text-align:center'><span lang=DE>&nbsp;<\/span><\/p>\n<\/td>\n<td width=59 style='width:35.45pt;border:none;border-right:solid windowtext 1.0pt; padding:0cm 0cm 0cm 0cm'>\n<p class=MsoNormal align=center style='text-align:center'><span lang=DE>&nbsp;<\/span><\/p>\n<\/td>\n<td width=24 style='width:14.2pt;border:none;border-right:solid windowtext 1.0pt; padding:0cm 0cm 0cm 0cm'>\n<p class=MsoNormal align=center style='text-align:center'><span lang=DE>&nbsp;<\/span><\/p>\n<\/td>\n<\/tr>\n<tr>\n<td width=945 style='width:20.0cm;border-top:none;border-left:solid windowtext 1.0pt; border-bottom:none;border-right:solid windowtext 1.0pt;padding:0cm 14.2pt 0cm 14.2pt'>\n<p class=MsoNormal align=center style='margin-top:1.0pt;margin-right:0cm; margin-bottom:1.0pt;margin-left:0cm;text-align:center;background:white'><span lang=DE style='font-size:14.0pt;color:#E36C0A'>Pr\u00e4sidium des Exekutivkomitees der Kommunistischen Internationale 1. April 1933<\/span><\/p>\n<\/td>\n<td width=59 style='width:35.45pt;border:none;border-right:solid windowtext 1.0pt; padding:0cm 0cm 0cm 0cm'>\n<p class=MsoNormal align=center style='text-align:center'><span lang=DE>&nbsp;<\/span><\/p>\n<\/td>\n<td width=59 style='width:35.45pt;border:none;border-right:solid windowtext 1.0pt; padding:0cm 0cm 0cm 0cm'>\n<p class=MsoNormal align=center style='text-align:center'><span lang=DE>&nbsp;<\/span><\/p>\n<\/td>\n<td width=24 style='width:14.2pt;border:none;border-right:solid windowtext 1.0pt; padding:0cm 0cm 0cm 0cm'>\n<p class=MsoNormal align=center style='text-align:center'><span lang=DE>&nbsp;<\/span><\/p>\n<\/td>\n<\/tr>\n<tr>\n<td width=945 style='width:20.0cm;border-top:none;border-left:solid windowtext 1.0pt; border-bottom:none;border-right:solid windowtext 1.0pt;padding:0cm 14.2pt 0cm 14.2pt'>\n<p class=MsoNormal><span lang=DE>&nbsp;<\/span><\/p>\n<\/td>\n<td width=59 style='width:35.45pt;border:none;border-right:solid windowtext 1.0pt; padding:0cm 0cm 0cm 0cm'>\n<p class=MsoNormal align=center style='text-align:center'><span lang=DE>&nbsp;<\/span><\/p>\n<\/td>\n<td width=59 style='width:35.45pt;border:none;border-right:solid windowtext 1.0pt; padding:0cm 0cm 0cm 0cm'>\n<p class=MsoNormal align=center style='text-align:center'><span lang=DE>&nbsp;<\/span><\/p>\n<\/td>\n<td width=24 style='width:14.2pt;border:none;border-right:solid windowtext 1.0pt; padding:0cm 0cm 0cm 0cm'>\n<p class=MsoNormal align=center style='text-align:center'><span lang=DE>&nbsp;<\/span><\/p>\n<\/td>\n<\/tr>\n<tr>\n<td width=945 style='width:20.0cm;border-top:none;border-left:solid windowtext 1.0pt; border-bottom:none;border-right:solid windowtext 1.0pt;background:#DDD9C3; padding:0cm 14.2pt 0cm 14.2pt'>\n<p class=MsoNormal style='margin-top:1.0pt;margin-right:0cm;margin-bottom: 1.0pt;margin-left:0cm'><span lang=DE style='font-size:14.0pt'>Resolution : Die Lage in Deutschland<\/span><\/p>\n<\/td>\n<td width=59 style='width:35.45pt;border:none;border-right:solid windowtext 1.0pt; background:#DDD9C3;padding:0cm 0cm 0cm 0cm'>\n<p class=MsoNormal align=center style='text-align:center'><a href=\"https:\/\/www.rocml.org\/References-ML\/ki-resolution-lage-deutschland\/\"><span lang=DE style='font-size:16.0pt;color:blue'>&#9658;<\/span><\/a><\/p>\n<\/td>\n<td width=59 style='width:35.45pt;border:none;border-right:solid windowtext 1.0pt; background:#DDD9C3;padding:0cm 0cm 0cm 0cm'>\n<p class=MsoNormal align=center style='text-align:center'><a href=\"https:\/\/www.rocml.org\/References-ML\/ic-1933-04-ce-p-resolution-situation-allemagne\/\"><span style='font-size:16.0pt;color:blue'>&#9658;<\/span><\/a><\/p>\n<\/td>\n<td width=24 style='width:14.2pt;border:none;border-right:solid windowtext 1.0pt; background:#DDD9C3;padding:0cm 0cm 0cm 0cm'>\n<p class=MsoNormal align=center style='text-align:center'><span lang=DE>&nbsp;<\/span><\/p>\n<\/td>\n<\/tr>\n<tr>\n<td width=945 style='width:20.0cm;border-top:none;border-left:solid windowtext 1.0pt; border-bottom:none;border-right:solid windowtext 1.0pt;padding:0cm 14.2pt 0cm 14.2pt'>\n<p class=MsoNormal><span lang=DE>&nbsp;<\/span><\/p>\n<\/td>\n<td width=59 style='width:35.45pt;border:none;border-right:solid windowtext 1.0pt; padding:0cm 0cm 0cm 0cm'>\n<p class=MsoNormal align=center style='text-align:center'><span lang=DE>&nbsp;<\/span><\/p>\n<\/td>\n<td width=59 style='width:35.45pt;border:none;border-right:solid windowtext 1.0pt; padding:0cm 0cm 0cm 0cm'>\n<p class=MsoNormal align=center style='text-align:center'><span lang=DE>&nbsp;<\/span><\/p>\n<\/td>\n<td width=24 style='width:14.2pt;border:none;border-right:solid windowtext 1.0pt; padding:0cm 0cm 0cm 0cm'>\n<p class=MsoNormal align=center style='text-align:center'><span lang=DE>&nbsp;<\/span><\/p>\n<\/td>\n<\/tr>\n<tr>\n<td width=945 style='width:20.0cm;border-top:none;border-left:solid windowtext 1.0pt; border-bottom:solid windowtext 1.0pt;border-right:none;padding:0cm 14.2pt 0cm 14.2pt'>\n<p class=MsoNormal><span lang=DE>&nbsp;<\/span><\/p>\n<\/td>\n<td width=59 style='width:35.45pt;border:none;border-bottom:solid windowtext 1.0pt; padding:0cm 0cm 0cm 0cm'>\n<p class=MsoNormal align=center style='text-align:center'><span lang=DE>&nbsp;<\/span><\/p>\n<\/td>\n<td width=59 style='width:35.45pt;border:none;border-bottom:solid windowtext 1.0pt; padding:0cm 0cm 0cm 0cm'>\n<p class=MsoNormal align=center style='text-align:center'><span lang=DE>&nbsp;<\/span><\/p>\n<\/td>\n<td width=24 style='width:14.2pt;border-top:none;border-left:none; border-bottom:solid windowtext 1.0pt;border-right:solid windowtext 1.0pt; padding:0cm 0cm 0cm 0cm'>\n<p class=MsoNormal align=center style='text-align:center'><span lang=DE>&nbsp;<\/span><\/p>\n<\/td>\n<\/tr>\n<\/table><\/div>\n<p class=MsoNormal><i>&nbsp;<\/i><\/p>\n<p class=MsoNormal style='margin-left:1.0cm'><i>&nbsp;<\/i><\/p>\n<\/td>\n<\/tr>\n<\/table><\/div>\n<p class=MsoNormal><i>&nbsp;<\/i><\/p>\n<\/p><\/div>\n<!--themify_builder_content-->\n<div id=\"themify_builder_content-1274\" data-postid=\"1274\" class=\"themify_builder_content themify_builder_content-1274 themify_builder tf_clear\">\n    <\/div>\n<!--\/themify_builder_content-->\n","protected":false},"excerpt":{"rendered":"<p>&nbsp; &nbsp; Kommunistische Internationale &#8211; Dokumente &nbsp; &nbsp; &nbsp; &nbsp; &nbsp; DE &nbsp; FR &nbsp; &nbsp; &nbsp; &#9658; &nbsp; 2. Kongress der Kommunistischen Internationale (23. Juli &#8211; 7. August 1920) &nbsp; &nbsp; &nbsp; &nbsp; &nbsp; &nbsp; &nbsp; Leits\u00e4tze \u00fcber die Gewerkschaftsbewegung, die Betriebsr\u00e4te und die Kommunistische Internationale &#9658; &#9658; &nbsp; &nbsp; &nbsp; &nbsp; &nbsp; 4. [&hellip;]<\/p>\n","protected":false},"author":3,"featured_media":0,"parent":432,"menu_order":0,"comment_status":"closed","ping_status":"closed","template":"","meta":{"footnotes":""},"class_list":["post-1274","page","type-page","status-publish","hentry","has-post-title","has-post-date","has-post-category","has-post-tag","has-post-comment","has-post-author",""],"builder_content":"","_links":{"self":[{"href":"https:\/\/www.rocml.org\/References-ML\/wp-json\/wp\/v2\/pages\/1274"}],"collection":[{"href":"https:\/\/www.rocml.org\/References-ML\/wp-json\/wp\/v2\/pages"}],"about":[{"href":"https:\/\/www.rocml.org\/References-ML\/wp-json\/wp\/v2\/types\/page"}],"author":[{"embeddable":true,"href":"https:\/\/www.rocml.org\/References-ML\/wp-json\/wp\/v2\/users\/3"}],"replies":[{"embeddable":true,"href":"https:\/\/www.rocml.org\/References-ML\/wp-json\/wp\/v2\/comments?post=1274"}],"version-history":[{"count":0,"href":"https:\/\/www.rocml.org\/References-ML\/wp-json\/wp\/v2\/pages\/1274\/revisions"}],"up":[{"embeddable":true,"href":"https:\/\/www.rocml.org\/References-ML\/wp-json\/wp\/v2\/pages\/432"}],"wp:attachment":[{"href":"https:\/\/www.rocml.org\/References-ML\/wp-json\/wp\/v2\/media?parent=1274"}],"curies":[{"name":"wp","href":"https:\/\/api.w.org\/{rel}","templated":true}]}}