{"id":324,"date":"2024-10-30T16:13:19","date_gmt":"2024-10-30T15:13:19","guid":{"rendered":"https:\/\/www.rocml.org\/References-ML\/?page_id=324"},"modified":"2024-10-31T21:44:00","modified_gmt":"2024-10-31T20:44:00","slug":"liste-articles-langue-categorie","status":"publish","type":"page","link":"https:\/\/www.rocml.org\/References-ML\/accueil\/liste-articles-langue-categorie\/","title":{"rendered":"Liste d\u2019articles selon langue et cat\u00e9gorie"},"content":{"rendered":"\n<div class=WordSection1>\n<p class=MsoNormal><i>&nbsp;<\/i><\/p>\n<div align=center>\n<table class=MsoTableGrid border=0 cellspacing=0 cellpadding=0 width=\"100%\" style='width:100.0%;background:#F2F2F2;border-collapse:collapse;border:none'>\n<tr>\n<td width=\"100%\" style='width:100.0%;padding:0cm 36.85pt 0cm 36.85pt'>\n<p class=MsoNormal><i>&nbsp;<\/i><\/p>\n<div align=center>\n<table class=MsoTableGrid border=0 cellspacing=0 cellpadding=0 width=1181 style='width:25.0cm;border-collapse:collapse;border:none'>\n<tr>\n<td width=1181 valign=top style='width:25.0cm;padding:0cm 5.4pt 0cm 5.4pt'>\n<p class=MsoNormal align=center style='text-align:center;line-height:22.0pt'><span style='font-size:20.0pt;font-family:\"Arial Black\",\"sans-serif\";color:#F79646'>Liste d\u2019articles selon langue et cat\u00e9gorie<\/span><\/p>\n<\/td>\n<\/tr>\n<\/table><\/div>\n<p class=MsoNormal><i>&nbsp;<\/i><\/p>\n<table class=MsoTableGrid border=0 cellspacing=0 cellpadding=0 style='border-collapse:collapse;border:none'>\n<tr>\n<td width=677 valign=top style='width:406.35pt;padding:0cm 5.4pt 0cm 5.4pt'>\n<p class=MsoNormal><i>&nbsp;<\/i><\/p>\n<div align=center>\n<table class=MsoNormalTable border=1 cellspacing=0 cellpadding=0 style='border-collapse:collapse;border:none'>\n<tr>\n<td width=48 valign=top style='width:28.7pt;border-top:solid windowtext 1.0pt; border-left:solid windowtext 1.0pt;border-bottom:none;border-right:none; background:#DDD9C3;padding:2.85pt 14.2pt 2.85pt 14.2pt'>\n<p class=MsoNormal align=center style='text-align:center'>&nbsp;<\/p>\n<\/td>\n<td width=378 valign=top style='width:8.0cm;border:none;border-top:solid windowtext 1.0pt; background:#DDD9C3;padding:2.85pt 14.2pt 2.85pt 14.2pt'>\n<p class=MsoNormal align=center style='text-align:center'>&nbsp;<\/p>\n<\/td>\n<td width=58 nowrap style='width:34.75pt;border-top:solid windowtext 1.0pt; border-left:none;border-bottom:none;border-right:solid windowtext 1.0pt; background:#DDD9C3;padding:0cm 0cm 0cm 0cm'>\n<p class=MsoNormal align=center style='text-align:center'>&nbsp;<\/p>\n<\/td>\n<\/tr>\n<tr>\n<td width=48 valign=top style='width:28.7pt;border:none;border-left:solid windowtext 1.0pt; background:#DDD9C3;padding:2.85pt 14.2pt 2.85pt 14.2pt'>\n<p class=MsoNormal align=center style='text-align:center'>&nbsp;<\/p>\n<\/td>\n<td width=378 style='width:8.0cm;border:none;background:white;padding: 2.85pt 14.2pt 2.85pt 14.2pt'>\n<p class=MsoNormal align=center style='text-align:center'>fran\u00e7ais <a href=\"https:\/\/www.rocml.org\/References-ML\/category\/article-francais\/\">&#9658;<\/a><\/p>\n<\/td>\n<td width=58 nowrap style='width:34.75pt;border:none;border-right:solid windowtext 1.0pt; background:#DDD9C3;padding:0cm 0cm 0cm 0cm'>\n<p class=MsoNormal align=center style='text-align:center'>&nbsp;<\/p>\n<\/td>\n<\/tr>\n<tr>\n<td width=48 valign=top style='width:28.7pt;border:none;border-left:solid windowtext 1.0pt; background:#DDD9C3;padding:2.85pt 14.2pt 2.85pt 14.2pt'>\n<p class=MsoNormal align=center style='text-align:center'>&nbsp;<\/p>\n<\/td>\n<td width=378 style='width:8.0cm;border:none;background:#DDD9C3; padding:2.85pt 14.2pt 2.85pt 14.2pt'>\n<p class=MsoNormal align=center style='text-align:center'>&nbsp;<\/p>\n<\/td>\n<td width=58 nowrap style='width:34.75pt;border:none;border-right:solid windowtext 1.0pt; background:#DDD9C3;padding:0cm 0cm 0cm 0cm'>\n<p class=MsoNormal align=center style='text-align:center'>&nbsp;<\/p>\n<\/td>\n<\/tr>\n<tr>\n<td width=48 valign=top style='width:28.7pt;border:none;border-left:solid windowtext 1.0pt; background:#DDD9C3;padding:2.85pt 14.2pt 2.85pt 14.2pt'>\n<p class=MsoNormal align=center style='text-align:center'>&nbsp;<\/p>\n<\/td>\n<td width=378 style='width:8.0cm;border:none;background:white;padding: 2.85pt 14.2pt 2.85pt 14.2pt'>\n<p class=MsoNormal align=center style='text-align:center'>fran\u00e7ais &#8211; document <a href=\"https:\/\/www.rocml.org\/References-ML\/category\/francais-document\/\">&#9658;<\/a><\/p>\n<\/td>\n<td width=58 nowrap style='width:34.75pt;border:none;border-right:solid windowtext 1.0pt; background:#DDD9C3;padding:0cm 0cm 0cm 0cm'>\n<p class=MsoNormal align=center style='text-align:center'>&nbsp;<\/p>\n<\/td>\n<\/tr>\n<tr>\n<td width=48 valign=top style='width:28.7pt;border:none;border-left:solid windowtext 1.0pt; background:#DDD9C3;padding:2.85pt 14.2pt 2.85pt 14.2pt'>\n<p class=MsoNormal align=center style='text-align:center'>&nbsp;<\/p>\n<\/td>\n<td width=378 style='width:8.0cm;border:none;background:#DDD9C3; padding:2.85pt 14.2pt 2.85pt 14.2pt'>\n<p class=MsoNormal align=center style='text-align:center'>&nbsp;<\/p>\n<\/td>\n<td width=58 nowrap style='width:34.75pt;border:none;border-right:solid windowtext 1.0pt; background:#DDD9C3;padding:0cm 0cm 0cm 0cm'>\n<p class=MsoNormal align=center style='text-align:center'>&nbsp;<\/p>\n<\/td>\n<\/tr>\n<tr>\n<td width=48 valign=top style='width:28.7pt;border:none;border-left:solid windowtext 1.0pt; background:#DDD9C3;padding:2.85pt 14.2pt 2.85pt 14.2pt'>\n<p class=MsoNormal align=center style='text-align:center'>&nbsp;<\/p>\n<\/td>\n<td width=378 style='width:8.0cm;border:none;background:white;padding: 2.85pt 14.2pt 2.85pt 14.2pt'>\n<p class=MsoNormal align=center style='text-align:center'>fran\u00e7ais &#8211; histoire <a href=\"https:\/\/www.rocml.org\/References-ML\/category\/francais-histoire\/\">&#9658;<\/a><\/p>\n<\/td>\n<td width=58 nowrap style='width:34.75pt;border:none;border-right:solid windowtext 1.0pt; background:#DDD9C3;padding:0cm 0cm 0cm 0cm'>\n<p class=MsoNormal align=center style='text-align:center'>&nbsp;<\/p>\n<\/td>\n<\/tr>\n<tr>\n<td width=48 valign=top style='width:28.7pt;border-top:none;border-left: solid windowtext 1.0pt;border-bottom:solid windowtext 1.0pt;border-right: none;background:#DDD9C3;padding:2.85pt 14.2pt 2.85pt 14.2pt'>\n<p class=MsoNormal align=center style='text-align:center'>&nbsp;<\/p>\n<\/td>\n<td width=378 valign=top style='width:8.0cm;border:none;border-bottom: solid windowtext 1.0pt;background:#DDD9C3;padding:2.85pt 14.2pt 2.85pt 14.2pt'>\n<p class=MsoNormal align=center style='text-align:center'>&nbsp;<\/p>\n<\/td>\n<td width=58 nowrap style='width:34.75pt;border-top:none;border-left: none;border-bottom:solid windowtext 1.0pt;border-right:solid windowtext 1.0pt; background:#DDD9C3;padding:0cm 0cm 0cm 0cm'>\n<p class=MsoNormal align=center style='text-align:center'>&nbsp;<\/p>\n<\/td>\n<\/tr>\n<\/table><\/div>\n<p class=MsoNormal><i>&nbsp;<\/i><\/p>\n<p class=MsoNormal><i>&nbsp;<\/i><\/p>\n<\/td>\n<td width=677 valign=top style='width:406.4pt;padding:0cm 5.4pt 0cm 5.4pt'>\n<p class=MsoNormal><i>&nbsp;<\/i><\/p>\n<div align=center>\n<table class=MsoNormalTable border=1 cellspacing=0 cellpadding=0 style='border-collapse:collapse;border:none'>\n<tr>\n<td width=48 valign=top style='width:28.7pt;border-top:solid windowtext 1.0pt; border-left:solid windowtext 1.0pt;border-bottom:none;border-right:none; background:#DDD9C3;padding:2.85pt 14.2pt 2.85pt 14.2pt'>\n<p class=MsoNormal align=center style='text-align:center'>&nbsp;<\/p>\n<\/td>\n<td width=378 valign=top style='width:8.0cm;border:none;border-top:solid windowtext 1.0pt; background:#DDD9C3;padding:2.85pt 14.2pt 2.85pt 14.2pt'>\n<p class=MsoNormal align=center style='text-align:center'>&nbsp;<\/p>\n<\/td>\n<td width=58 nowrap style='width:34.75pt;border-top:solid windowtext 1.0pt; border-left:none;border-bottom:none;border-right:solid windowtext 1.0pt; background:#DDD9C3;padding:0cm 0cm 0cm 0cm'>\n<p class=MsoNormal align=center style='text-align:center'>&nbsp;<\/p>\n<\/td>\n<\/tr>\n<tr>\n<td width=48 valign=top style='width:28.7pt;border:none;border-left:solid windowtext 1.0pt; background:#DDD9C3;padding:2.85pt 14.2pt 2.85pt 14.2pt'>\n<p class=MsoNormal align=center style='text-align:center'>&nbsp;<\/p>\n<\/td>\n<td width=378 style='width:8.0cm;border:none;background:white;padding: 2.85pt 14.2pt 2.85pt 14.2pt'>\n<p class=MsoNormal align=center style='text-align:center'>allemand <a href=\"https:\/\/www.rocml.org\/References-ML\/category\/article-allemand\/\">&#9658;<\/a><\/p>\n<\/td>\n<td width=58 nowrap style='width:34.75pt;border:none;border-right:solid windowtext 1.0pt; background:#DDD9C3;padding:0cm 0cm 0cm 0cm'>\n<p class=MsoNormal align=center style='text-align:center'>&nbsp;<\/p>\n<\/td>\n<\/tr>\n<tr>\n<td width=48 valign=top style='width:28.7pt;border:none;border-left:solid windowtext 1.0pt; background:#DDD9C3;padding:2.85pt 14.2pt 2.85pt 14.2pt'>\n<p class=MsoNormal align=center style='text-align:center'>&nbsp;<\/p>\n<\/td>\n<td width=378 style='width:8.0cm;border:none;background:#DDD9C3; padding:2.85pt 14.2pt 2.85pt 14.2pt'>\n<p class=MsoNormal align=center style='text-align:center'>&nbsp;<\/p>\n<\/td>\n<td width=58 nowrap style='width:34.75pt;border:none;border-right:solid windowtext 1.0pt; background:#DDD9C3;padding:0cm 0cm 0cm 0cm'>\n<p class=MsoNormal align=center style='text-align:center'>&nbsp;<\/p>\n<\/td>\n<\/tr>\n<tr>\n<td width=48 valign=top style='width:28.7pt;border:none;border-left:solid windowtext 1.0pt; background:#DDD9C3;padding:2.85pt 14.2pt 2.85pt 14.2pt'>\n<p class=MsoNormal align=center style='text-align:center'>&nbsp;<\/p>\n<\/td>\n<td width=378 style='width:8.0cm;border:none;background:white;padding: 2.85pt 14.2pt 2.85pt 14.2pt'>\n<p class=MsoNormal align=center style='text-align:center'>allemand &#8211; document <a href=\"https:\/\/www.rocml.org\/References-ML\/category\/allemand-document\/\">&#9658;<\/a><\/p>\n<\/td>\n<td width=58 nowrap style='width:34.75pt;border:none;border-right:solid windowtext 1.0pt; background:#DDD9C3;padding:0cm 0cm 0cm 0cm'>\n<p class=MsoNormal align=center style='text-align:center'>&nbsp;<\/p>\n<\/td>\n<\/tr>\n<tr>\n<td width=48 valign=top style='width:28.7pt;border:none;border-left:solid windowtext 1.0pt; background:#DDD9C3;padding:2.85pt 14.2pt 2.85pt 14.2pt'>\n<p class=MsoNormal align=center style='text-align:center'>&nbsp;<\/p>\n<\/td>\n<td width=378 style='width:8.0cm;border:none;background:#DDD9C3; padding:2.85pt 14.2pt 2.85pt 14.2pt'>\n<p class=MsoNormal align=center style='text-align:center'>&nbsp;<\/p>\n<\/td>\n<td width=58 nowrap style='width:34.75pt;border:none;border-right:solid windowtext 1.0pt; background:#DDD9C3;padding:0cm 0cm 0cm 0cm'>\n<p class=MsoNormal align=center style='text-align:center'>&nbsp;<\/p>\n<\/td>\n<\/tr>\n<tr>\n<td width=48 valign=top style='width:28.7pt;border:none;border-left:solid windowtext 1.0pt; background:#DDD9C3;padding:2.85pt 14.2pt 2.85pt 14.2pt'>\n<p class=MsoNormal align=center style='text-align:center'>&nbsp;<\/p>\n<\/td>\n<td width=378 style='width:8.0cm;border:none;background:white;padding: 2.85pt 14.2pt 2.85pt 14.2pt'>\n<p class=MsoNormal align=center style='text-align:center'>allemand &#8211; histoire <a href=\"https:\/\/www.rocml.org\/References-ML\/category\/allemand-histoire\/\">&#9658;<\/a><\/p>\n<\/td>\n<td width=58 nowrap style='width:34.75pt;border:none;border-right:solid windowtext 1.0pt; background:#DDD9C3;padding:0cm 0cm 0cm 0cm'>\n<p class=MsoNormal align=center style='text-align:center'>&nbsp;<\/p>\n<\/td>\n<\/tr>\n<tr>\n<td width=48 valign=top style='width:28.7pt;border-top:none;border-left: solid windowtext 1.0pt;border-bottom:solid windowtext 1.0pt;border-right: none;background:#DDD9C3;padding:2.85pt 14.2pt 2.85pt 14.2pt'>\n<p class=MsoNormal align=center style='text-align:center'>&nbsp;<\/p>\n<\/td>\n<td width=378 valign=top style='width:8.0cm;border:none;border-bottom: solid windowtext 1.0pt;background:#DDD9C3;padding:2.85pt 14.2pt 2.85pt 14.2pt'>\n<p class=MsoNormal align=center style='text-align:center'>&nbsp;<\/p>\n<\/td>\n<td width=58 nowrap style='width:34.75pt;border-top:none;border-left: none;border-bottom:solid windowtext 1.0pt;border-right:solid windowtext 1.0pt; background:#DDD9C3;padding:0cm 0cm 0cm 0cm'>\n<p class=MsoNormal align=center style='text-align:center'>&nbsp;<\/p>\n<\/td>\n<\/tr>\n<\/table><\/div>\n<p class=MsoNormal><i>&nbsp;<\/i><\/p>\n<p class=MsoNormal><i>&nbsp;<\/i><\/p>\n<\/td>\n<\/tr>\n<\/table>\n<p class=MsoNormal><i>&nbsp;<\/i><\/p>\n<table class=MsoTableGrid border=0 cellspacing=0 cellpadding=0 style='border-collapse:collapse;border:none'>\n<tr>\n<td width=1355 valign=top style='width:812.75pt;padding:0cm 5.4pt 0cm 5.4pt'>\n<p class=MsoNormal><i>&nbsp;<\/i><\/p>\n<div align=center>\n<table class=MsoNormalTable border=1 cellspacing=0 cellpadding=0 style='border-collapse:collapse;border:none'>\n<tr>\n<td width=48 valign=top style='width:28.7pt;border-top:solid windowtext 1.0pt; border-left:solid windowtext 1.0pt;border-bottom:none;border-right:none; background:#DDD9C3;padding:2.85pt 14.2pt 2.85pt 14.2pt'>\n<p class=MsoNormal align=center style='text-align:center'>&nbsp;<\/p>\n<\/td>\n<td width=378 valign=top style='width:8.0cm;border:none;border-top:solid windowtext 1.0pt; background:#DDD9C3;padding:2.85pt 14.2pt 2.85pt 14.2pt'>\n<p class=MsoNormal align=center style='text-align:center'>&nbsp;<\/p>\n<\/td>\n<td width=63 nowrap style='width:37.95pt;border-top:solid windowtext 1.0pt; border-left:none;border-bottom:none;border-right:solid windowtext 1.0pt; background:#DDD9C3;padding:0cm 0cm 0cm 0cm'>\n<p class=MsoNormal align=center style='text-align:center'>&nbsp;<\/p>\n<\/td>\n<\/tr>\n<tr>\n<td width=48 valign=top style='width:28.7pt;border:none;border-left:solid windowtext 1.0pt; background:#DDD9C3;padding:2.85pt 14.2pt 2.85pt 14.2pt'>\n<p class=MsoNormal align=center style='text-align:center'>&nbsp;<\/p>\n<\/td>\n<td width=378 style='width:8.0cm;border:none;background:white;padding: 2.85pt 14.2pt 2.85pt 14.2pt'>\n<p class=MsoNormal align=center style='text-align:center'>toutes langues <a href=\"https:\/\/www.rocml.org\/References-ML\/category\/article\/\">&#9658;<\/a><\/p>\n<\/td>\n<td width=63 nowrap style='width:37.95pt;border:none;border-right:solid windowtext 1.0pt; background:#DDD9C3;padding:0cm 0cm 0cm 0cm'>\n<p class=MsoNormal align=center style='text-align:center'>&nbsp;<\/p>\n<\/td>\n<\/tr>\n<tr>\n<td width=48 valign=top style='width:28.7pt;border:none;border-left:solid windowtext 1.0pt; background:#DDD9C3;padding:2.85pt 14.2pt 2.85pt 14.2pt'>\n<p class=MsoNormal align=center style='text-align:center'>&nbsp;<\/p>\n<\/td>\n<td width=378 style='width:8.0cm;border:none;background:#DDD9C3; padding:2.85pt 14.2pt 2.85pt 14.2pt'>\n<p class=MsoNormal align=center style='text-align:center'>&nbsp;<\/p>\n<\/td>\n<td width=63 nowrap style='width:37.95pt;border:none;border-right:solid windowtext 1.0pt; background:#DDD9C3;padding:0cm 0cm 0cm 0cm'>\n<p class=MsoNormal align=center style='text-align:center'>&nbsp;<\/p>\n<\/td>\n<\/tr>\n<tr>\n<td width=48 valign=top style='width:28.7pt;border:none;border-left:solid windowtext 1.0pt; background:#DDD9C3;padding:2.85pt 14.2pt 2.85pt 14.2pt'>\n<p class=MsoNormal align=center style='text-align:center'>&nbsp;<\/p>\n<\/td>\n<td width=378 style='width:8.0cm;border:none;background:white;padding: 2.85pt 14.2pt 2.85pt 14.2pt'>\n<p class=MsoNormal align=center style='text-align:center'>toutes langues &#8211; document <a href=\"https:\/\/www.rocml.org\/References-ML\/category\/article-document\/\">&#9658;<\/a><\/p>\n<\/td>\n<td width=63 nowrap style='width:37.95pt;border:none;border-right:solid windowtext 1.0pt; background:#DDD9C3;padding:0cm 0cm 0cm 0cm'>\n<p class=MsoNormal align=center style='text-align:center'>&nbsp;<\/p>\n<\/td>\n<\/tr>\n<tr>\n<td width=48 valign=top style='width:28.7pt;border:none;border-left:solid windowtext 1.0pt; background:#DDD9C3;padding:2.85pt 14.2pt 2.85pt 14.2pt'>\n<p class=MsoNormal align=center style='text-align:center'>&nbsp;<\/p>\n<\/td>\n<td width=378 style='width:8.0cm;border:none;background:#DDD9C3; padding:2.85pt 14.2pt 2.85pt 14.2pt'>\n<p class=MsoNormal align=center style='text-align:center'>&nbsp;<\/p>\n<\/td>\n<td width=63 nowrap style='width:37.95pt;border:none;border-right:solid windowtext 1.0pt; background:#DDD9C3;padding:0cm 0cm 0cm 0cm'>\n<p class=MsoNormal align=center style='text-align:center'>&nbsp;<\/p>\n<\/td>\n<\/tr>\n<tr>\n<td width=48 valign=top style='width:28.7pt;border:none;border-left:solid windowtext 1.0pt; background:#DDD9C3;padding:2.85pt 14.2pt 2.85pt 14.2pt'>\n<p class=MsoNormal align=center style='text-align:center'>&nbsp;<\/p>\n<\/td>\n<td width=378 style='width:8.0cm;border:none;background:white;padding: 2.85pt 14.2pt 2.85pt 14.2pt'>\n<p class=MsoNormal align=center style='text-align:center'>toutes langues &#8211; histoire <a href=\"https:\/\/www.rocml.org\/References-ML\/category\/article-histoire\/\">&#9658;<\/a><\/p>\n<\/td>\n<td width=63 nowrap style='width:37.95pt;border:none;border-right:solid windowtext 1.0pt; background:#DDD9C3;padding:0cm 0cm 0cm 0cm'>\n<p class=MsoNormal align=center style='text-align:center'>&nbsp;<\/p>\n<\/td>\n<\/tr>\n<tr>\n<td width=48 valign=top style='width:28.7pt;border-top:none;border-left: solid windowtext 1.0pt;border-bottom:solid windowtext 1.0pt;border-right: none;background:#DDD9C3;padding:2.85pt 14.2pt 2.85pt 14.2pt'>\n<p class=MsoNormal align=center style='text-align:center'>&nbsp;<\/p>\n<\/td>\n<td width=378 valign=top style='width:8.0cm;border:none;border-bottom: solid windowtext 1.0pt;background:#DDD9C3;padding:2.85pt 14.2pt 2.85pt 14.2pt'>\n<p class=MsoNormal align=center style='text-align:center'>&nbsp;<\/p>\n<\/td>\n<td width=63 nowrap style='width:37.95pt;border-top:none;border-left: none;border-bottom:solid windowtext 1.0pt;border-right:solid windowtext 1.0pt; background:#DDD9C3;padding:0cm 0cm 0cm 0cm'>\n<p class=MsoNormal align=center style='text-align:center'>&nbsp;<\/p>\n<\/td>\n<\/tr>\n<\/table><\/div>\n<p class=MsoNormal><i>&nbsp;<\/i><\/p>\n<p class=MsoNormal><i>&nbsp;<\/i><\/p>\n<\/td>\n<\/tr>\n<\/table>\n<p class=MsoNormal><i>&nbsp;<\/i><\/p>\n<p class=MsoNormal style='margin-left:1.0cm'><i>&nbsp;<\/i><\/p>\n<\/td>\n<\/tr>\n<\/table><\/div>\n<p class=MsoNormal>&nbsp;<\/p>\n<\/p><\/div>\n<!--themify_builder_content-->\n<div id=\"themify_builder_content-324\" data-postid=\"324\" class=\"themify_builder_content themify_builder_content-324 themify_builder tf_clear\">\n    <\/div>\n<!--\/themify_builder_content-->\n","protected":false},"excerpt":{"rendered":"<p>&nbsp; &nbsp; Liste d\u2019articles selon langue et cat\u00e9gorie &nbsp; &nbsp; &nbsp; &nbsp; &nbsp; &nbsp; fran\u00e7ais &#9658; &nbsp; &nbsp; &nbsp; &nbsp; &nbsp; fran\u00e7ais &#8211; document &#9658; &nbsp; &nbsp; &nbsp; &nbsp; &nbsp; fran\u00e7ais &#8211; histoire &#9658; &nbsp; &nbsp; &nbsp; &nbsp; &nbsp; &nbsp; &nbsp; &nbsp; &nbsp; &nbsp; &nbsp; allemand &#9658; &nbsp; &nbsp; &nbsp; &nbsp; &nbsp; allemand &#8211; document [&hellip;]<\/p>\n","protected":false},"author":3,"featured_media":0,"parent":23,"menu_order":0,"comment_status":"closed","ping_status":"closed","template":"","meta":{"footnotes":""},"class_list":["post-324","page","type-page","status-publish","hentry","has-post-title","has-post-date","has-post-category","has-post-tag","has-post-comment","has-post-author",""],"builder_content":"","_links":{"self":[{"href":"https:\/\/www.rocml.org\/References-ML\/wp-json\/wp\/v2\/pages\/324"}],"collection":[{"href":"https:\/\/www.rocml.org\/References-ML\/wp-json\/wp\/v2\/pages"}],"about":[{"href":"https:\/\/www.rocml.org\/References-ML\/wp-json\/wp\/v2\/types\/page"}],"author":[{"embeddable":true,"href":"https:\/\/www.rocml.org\/References-ML\/wp-json\/wp\/v2\/users\/3"}],"replies":[{"embeddable":true,"href":"https:\/\/www.rocml.org\/References-ML\/wp-json\/wp\/v2\/comments?post=324"}],"version-history":[{"count":0,"href":"https:\/\/www.rocml.org\/References-ML\/wp-json\/wp\/v2\/pages\/324\/revisions"}],"up":[{"embeddable":true,"href":"https:\/\/www.rocml.org\/References-ML\/wp-json\/wp\/v2\/pages\/23"}],"wp:attachment":[{"href":"https:\/\/www.rocml.org\/References-ML\/wp-json\/wp\/v2\/media?parent=324"}],"curies":[{"name":"wp","href":"https:\/\/api.w.org\/{rel}","templated":true}]}}